{"id":211,"date":"2013-01-07T14:16:54","date_gmt":"2013-01-07T14:16:54","guid":{"rendered":"http:\/\/inovado2.mintithemes.com\/?page_id=211"},"modified":"2018-08-21T22:48:21","modified_gmt":"2018-08-22T01:48:21","slug":"galeria","status":"publish","type":"page","link":"https:\/\/www.clinicapereira.com\/index.php\/galeria\/","title":{"rendered":"Galeria"},"content":{"rendered":"<p>[vc_row bg_color=&#8221;#fafafa&#8221; top_padding=&#8221;80&#8243; bottom_padding=&#8221;80&#8243; bg_position=&#8221;left top&#8221;][vc_column width=&#8221;1\/2&#8243;]<div class=\"flexslider wpb_content_element\"><ul class=\"slides\"><li><img decoding=\"async\" src=\"https:\/\/www.clinicapereira.com\/wp-content\/uploads\/2018\/08\/imagem8.jpg\" alt=\"\" \/><\/li><li><img decoding=\"async\" src=\"https:\/\/www.clinicapereira.com\/wp-content\/uploads\/2018\/08\/imagem7.jpg\" alt=\"\" \/><\/li><li><img decoding=\"async\" src=\"https:\/\/www.clinicapereira.com\/wp-content\/uploads\/2018\/08\/imagem6.jpg\" alt=\"\" \/><\/li><\/ul><\/div>[\/vc_column][vc_column width=&#8221;1\/2&#8243;][vc_column_text]<\/p>\n<h3>Consult\u00f3rios<\/h3>\n<p style=\"text-align: justify;\">Consult\u00f3rios equipados, informatizados, modernos, climatizados e extremamente confort\u00e1veis permitindo um atendimento eficiente, com seguran\u00e7a e conforto.<\/p>\n<p>[\/vc_column_text][\/vc_column][\/vc_row][vc_row][vc_column width=&#8221;1\/2&#8243;]<div class=\"single_image wpb_content_element align-left  animate  image_zoom \" data-animation=\"fade-in-from-left\" data-delay=\"0\"><a href=\"https:\/\/www.clinicapereira.com\/wp-content\/uploads\/2018\/08\/imagem2.jpg\" class=\"prettyPhoto\" rel=\"prettyPhoto[image]\"><img loading=\"lazy\" decoding=\"async\" width=\"800\" height=\"600\" src=\"https:\/\/www.clinicapereira.com\/wp-content\/uploads\/2018\/08\/imagem2.jpg\" class=\"attachment-large\" alt=\"\" srcset=\"https:\/\/www.clinicapereira.com\/wp-content\/uploads\/2018\/08\/imagem2.jpg 800w, https:\/\/www.clinicapereira.com\/wp-content\/uploads\/2018\/08\/imagem2-300x225.jpg 300w, https:\/\/www.clinicapereira.com\/wp-content\/uploads\/2018\/08\/imagem2-768x576.jpg 768w, https:\/\/www.clinicapereira.com\/wp-content\/uploads\/2018\/08\/imagem2-600x450.jpg 600w\" sizes=\"(max-width: 800px) 100vw, 800px\" \/><\/a><\/div>[\/vc_column][vc_column width=&#8221;1\/2&#8243;][vc_column_text]<\/p>\n<h3>Recep\u00e7\u00e3o<\/h3>\n<p style=\"text-align: justify;\">Recep\u00e7\u00e3o informatizada, proporcionando agilidade no atendimento e minimizando o tempo de espera.<\/p>\n<p>[\/vc_column_text][\/vc_column][\/vc_row][vc_row bg_color=&#8221;#fafafa&#8221; top_padding=&#8221;80&#8243; bottom_padding=&#8221;80&#8243; bg_position=&#8221;left top&#8221;][vc_column width=&#8221;1\/2&#8243;]<div class=\"single_image wpb_content_element align-left  animate  image_zoom \" data-animation=\"fade-in-from-left\" data-delay=\"0\"><a href=\"https:\/\/www.clinicapereira.com\/wp-content\/uploads\/2018\/08\/imagem1.jpg\" class=\"prettyPhoto\" rel=\"prettyPhoto[image]\"><img loading=\"lazy\" decoding=\"async\" width=\"800\" height=\"600\" src=\"https:\/\/www.clinicapereira.com\/wp-content\/uploads\/2018\/08\/imagem1.jpg\" class=\"attachment-large\" alt=\"\" srcset=\"https:\/\/www.clinicapereira.com\/wp-content\/uploads\/2018\/08\/imagem1.jpg 800w, https:\/\/www.clinicapereira.com\/wp-content\/uploads\/2018\/08\/imagem1-300x225.jpg 300w, https:\/\/www.clinicapereira.com\/wp-content\/uploads\/2018\/08\/imagem1-768x576.jpg 768w, https:\/\/www.clinicapereira.com\/wp-content\/uploads\/2018\/08\/imagem1-600x450.jpg 600w\" sizes=\"(max-width: 800px) 100vw, 800px\" \/><\/a><\/div>[\/vc_column][vc_column width=&#8221;1\/2&#8243;][vc_column_text]<\/p>\n<h3>Sala de Espera<\/h3>\n<p style=\"text-align: justify;\">Ambiente climatizado, com cadeiras ergon\u00f4micas e confort\u00e1veis, som ambiente, wi-fi, ilumina\u00e7\u00e3o aconchegante, tornando sua perman\u00eancia conosco agrad\u00e1vel e relaxante.<\/p>\n<p>[\/vc_column_text][\/vc_column][\/vc_row][vc_row][vc_column width=&#8221;1\/2&#8243;]<div class=\"single_image wpb_content_element align-left  animate  image_zoom \" data-animation=\"fade-in-from-left\" data-delay=\"0\"><a href=\"https:\/\/www.clinicapereira.com\/wp-content\/uploads\/2018\/08\/imagem4.jpg\" class=\"prettyPhoto\" rel=\"prettyPhoto[image]\"><img loading=\"lazy\" decoding=\"async\" width=\"800\" height=\"600\" src=\"https:\/\/www.clinicapereira.com\/wp-content\/uploads\/2018\/08\/imagem4.jpg\" class=\"attachment-large\" alt=\"\" srcset=\"https:\/\/www.clinicapereira.com\/wp-content\/uploads\/2018\/08\/imagem4.jpg 800w, https:\/\/www.clinicapereira.com\/wp-content\/uploads\/2018\/08\/imagem4-300x225.jpg 300w, https:\/\/www.clinicapereira.com\/wp-content\/uploads\/2018\/08\/imagem4-768x576.jpg 768w, https:\/\/www.clinicapereira.com\/wp-content\/uploads\/2018\/08\/imagem4-600x450.jpg 600w\" sizes=\"(max-width: 800px) 100vw, 800px\" \/><\/a><\/div>[\/vc_column][vc_column width=&#8221;1\/2&#8243;][vc_column_text]<\/p>\n<h3>Caf\u00e9<\/h3>\n<p style=\"text-align: justify;\">Espa\u00e7o para tornar sua experi\u00eancia conosco ainda mais agrad\u00e1vel.<\/p>\n<p>[\/vc_column_text][\/vc_column][\/vc_row][vc_row bg_color=&#8221;#fafafa&#8221; top_padding=&#8221;80&#8243; bottom_padding=&#8221;80&#8243; bg_position=&#8221;left top&#8221;][vc_column width=&#8221;1\/2&#8243;]<div class=\"single_image wpb_content_element align-left  animate  image_zoom \" data-animation=\"fade-in-from-left\" data-delay=\"0\"><a href=\"https:\/\/www.clinicapereira.com\/wp-content\/uploads\/2018\/08\/imagem5.jpg\" class=\"prettyPhoto\" rel=\"prettyPhoto[image]\"><img loading=\"lazy\" decoding=\"async\" width=\"800\" height=\"600\" src=\"https:\/\/www.clinicapereira.com\/wp-content\/uploads\/2018\/08\/imagem5.jpg\" class=\"attachment-large\" alt=\"\" srcset=\"https:\/\/www.clinicapereira.com\/wp-content\/uploads\/2018\/08\/imagem5.jpg 800w, https:\/\/www.clinicapereira.com\/wp-content\/uploads\/2018\/08\/imagem5-300x225.jpg 300w, https:\/\/www.clinicapereira.com\/wp-content\/uploads\/2018\/08\/imagem5-768x576.jpg 768w, https:\/\/www.clinicapereira.com\/wp-content\/uploads\/2018\/08\/imagem5-600x450.jpg 600w\" sizes=\"(max-width: 800px) 100vw, 800px\" \/><\/a><\/div>[\/vc_column][vc_column width=&#8221;1\/2&#8243;][vc_column_text]<\/p>\n<h3>Sala de Procedimentos<\/h3>\n<p style=\"text-align: justify;\">Sala climatizada, dentro das mais exigentes normas da vigil\u00e2ncia sanit\u00e1ria, equipada com aparelhagem moderna, permitindo a realiza\u00e7\u00e3o de procedimentos n\u00e3o cir\u00fargicos como:<\/p>\n<ul>\n<li style=\"text-align: justify;\"><strong>Curativo:<\/strong> aplica\u00e7\u00e3o local em ferida, corte, machucado, incis\u00e3o cir\u00fargica, de antiss\u00e9ptico, medicamento e cobertura protetora para limpar, tratar, resguardar de agentes infecciosos, propiciar a cicatriza\u00e7\u00e3o e a cura;<\/li>\n<li style=\"text-align: justify;\"><strong>Medica\u00e7\u00f5es Intramusculares:<\/strong> inje\u00e7\u00f5es\u00a0intramusculares\u00a0depositam a\u00a0medica\u00e7\u00e3o\u00a0profundamente no tecido muscular, o qual \u00e9 bastante vascularizado, permitindo uma melhor absor\u00e7\u00e3o do medicamento e minimizando os riscos g\u00e1stricos;<\/li>\n<li style=\"text-align: justify;\">\n<p style=\"text-align: justify;\"><strong>Infiltra\u00e7\u00f5es:<\/strong> inje\u00e7\u00e3o de uma medi\u00e7\u00e3o com um anest\u00e9sico local, se necess\u00e1rio, seguido de um\u00a0medicamento\u00a0para reduzir a dor, tratar uma inflama\u00e7\u00e3o ou les\u00e3o.<\/p>\n<\/li>\n<\/ul>\n<p>[\/vc_column_text][\/vc_column][\/vc_row][vc_row][vc_column width=&#8221;1\/1&#8243;]<div class=\"spacer\" style=\"height: 40px;\"><\/div>[\/vc_column][\/vc_row]<\/p>\n","protected":false},"excerpt":{"rendered":"<p>[vc_row bg_color=&#8221;#fafafa&#8221; top_padding=&#8221;80&#8243; bottom_padding=&#8221;80&#8243; bg_position=&#8221;left top&#8221;][vc_column width=&#8221;1\/2&#8243;][\/vc_column][vc_column width=&#8221;1\/2&#8243;][vc_column_text] Consult\u00f3rios Consult\u00f3rios equipados, informatizados, modernos, climatizados e extremamente confort\u00e1veis permitindo um atendimento eficiente, com seguran\u00e7a e conforto. [\/vc_column_text][\/vc_column][\/vc_row][vc_row][vc_column width=&#8221;1\/2&#8243;][\/vc_column][vc_column width=&#8221;1\/2&#8243;][vc_column_text] Recep\u00e7\u00e3o Recep\u00e7\u00e3o informatizada, proporcionando agilidade no atendimento e minimizando o tempo de espera. [\/vc_column_text][\/vc_column][\/vc_row][vc_row bg_color=&#8221;#fafafa&#8221; top_padding=&#8221;80&#8243; bottom_padding=&#8221;80&#8243; bg_position=&#8221;left top&#8221;][vc_column width=&#8221;1\/2&#8243;][\/vc_column][vc_column width=&#8221;1\/2&#8243;][vc_column_text] Sala de Espera Ambiente climatizado, com cadeiras ergon\u00f4micas e confort\u00e1veis, som ambiente, wi-fi, ilumina\u00e7\u00e3o aconchegante, tornando sua perman\u00eancia conosco agrad\u00e1vel e relaxante. [\/vc_column_text][\/vc_column][\/vc_row][vc_row][vc_column width=&#8221;1\/2&#8243;][\/vc_column][vc_column width=&#8221;1\/2&#8243;][vc_column_text] Caf\u00e9 Espa\u00e7o para tornar sua experi\u00eancia conosco ainda mais agrad\u00e1vel. [\/vc_column_text][\/vc_column][\/vc_row][vc_row bg_color=&#8221;#fafafa&#8221; top_padding=&#8221;80&#8243; bottom_padding=&#8221;80&#8243; bg_position=&#8221;left top&#8221;][vc_column width=&#8221;1\/2&#8243;][\/vc_column][vc_column width=&#8221;1\/2&#8243;][vc_column_text] Sala de Procedimentos Sala climatizada, dentro das mais exigentes normas da vigil\u00e2ncia sanit\u00e1ria, equipada com aparelhagem moderna, permitindo a realiza\u00e7\u00e3o de procedimentos n\u00e3o cir\u00fargicos como: Curativo: aplica\u00e7\u00e3o local em ferida, corte, machucado, incis\u00e3o cir\u00fargica, de antiss\u00e9ptico, medicamento e cobertura protetora para limpar, tratar, resguardar de agentes infecciosos, propiciar a cicatriza\u00e7\u00e3o e a cura; Medica\u00e7\u00f5es Intramusculares: inje\u00e7\u00f5es\u00a0intramusculares\u00a0depositam a\u00a0medica\u00e7\u00e3o\u00a0profundamente no tecido muscular, o qual \u00e9 bastante vascularizado, permitindo uma melhor absor\u00e7\u00e3o do medicamento e minimizando os riscos g\u00e1stricos; Infiltra\u00e7\u00f5es: inje\u00e7\u00e3o de uma medi\u00e7\u00e3o com um anest\u00e9sico local, se necess\u00e1rio, seguido de um\u00a0medicamento\u00a0para reduzir a dor, tratar uma inflama\u00e7\u00e3o ou les\u00e3o. [\/vc_column_text][\/vc_column][\/vc_row][vc_row][vc_column width=&#8221;1\/1&#8243;][\/vc_column][\/vc_row]<\/p>\n","protected":false},"author":1,"featured_media":0,"parent":0,"menu_order":0,"comment_status":"closed","ping_status":"open","template":"","meta":{"_joinchat":[],"footnotes":""},"_links":{"self":[{"href":"https:\/\/www.clinicapereira.com\/index.php\/wp-json\/wp\/v2\/pages\/211"}],"collection":[{"href":"https:\/\/www.clinicapereira.com\/index.php\/wp-json\/wp\/v2\/pages"}],"about":[{"href":"https:\/\/www.clinicapereira.com\/index.php\/wp-json\/wp\/v2\/types\/page"}],"author":[{"embeddable":true,"href":"https:\/\/www.clinicapereira.com\/index.php\/wp-json\/wp\/v2\/users\/1"}],"replies":[{"embeddable":true,"href":"https:\/\/www.clinicapereira.com\/index.php\/wp-json\/wp\/v2\/comments?post=211"}],"version-history":[{"count":23,"href":"https:\/\/www.clinicapereira.com\/index.php\/wp-json\/wp\/v2\/pages\/211\/revisions"}],"predecessor-version":[{"id":15529,"href":"https:\/\/www.clinicapereira.com\/index.php\/wp-json\/wp\/v2\/pages\/211\/revisions\/15529"}],"wp:attachment":[{"href":"https:\/\/www.clinicapereira.com\/index.php\/wp-json\/wp\/v2\/media?parent=211"}],"curies":[{"name":"wp","href":"https:\/\/api.w.org\/{rel}","templated":true}]}}